{"id":4462,"date":"2017-05-11T15:33:16","date_gmt":"2017-05-11T13:33:16","guid":{"rendered":"http:\/\/xenorama.de\/mezzanin\/?post_type=portfolio&#038;p=4462"},"modified":"2023-02-06T16:24:53","modified_gmt":"2023-02-06T15:24:53","slug":"der-kuss","status":"publish","type":"portfolio","link":"https:\/\/xenorama.com\/de\/portfolio\/der-kuss\/","title":{"rendered":"Der Kuss"},"content":{"rendered":"<section class=\"wpb-content-wrapper\">[vc_row full_width=&#8220;stretch_row&#8220; full_height=&#8220;yes&#8220; columns_placement=&#8220;top&#8220; content_placement=&#8220;middle&#8220; hide_bg_image_on_tablet=&#8220;&#8220; hide_bg_image_on_mobile=&#8220;&#8220; css=&#8220;.vc_custom_1589477836986{background-image: url(http:\/\/xenorama.de\/mezzanin\/wp-content\/uploads\/2017\/05\/DerKuss_GeorgMeyer-Wiel_Photo_82.jpg?id=4911) !important;background-position: center !important;background-repeat: no-repeat !important;background-size: cover !important;}&#8220;][vc_column width=&#8220;1\/3&#8243; fix_column=&#8220;1&#8243; hide_bg_image_on_tablet=&#8220;&#8220; hide_bg_image_on_mobile=&#8220;&#8220; el_class=&#8220;portfolio-single_title-div&#8220; css=&#8220;.vc_custom_1585928994138{background-color: rgba(17,17,17,0.5) !important;*background-color: rgb(17,17,17) !important;}&#8220;][vc_column_text]\n<h3>Der Kuss<\/h3>\n[\/vc_column_text][vc_separator color=&#8220;white&#8220; border_width=&#8220;4&#8243;][vc_column_text css=&#8220;.vc_custom_1548933803315{margin-bottom: 1em !important;}&#8220;]\n<h5><strong>Stage Projection for Ballet Performance<\/strong><\/h5>\n[\/vc_column_text][vc_column_text]\n<h5><p>Premiered in January 2017 <br>Produced for Theater Pforzheim<\/p><\/h5>\n[\/vc_column_text][\/vc_column][\/vc_row][vc_row gap=&#8220;20&#8243; hide_bg_image_on_tablet=&#8220;&#8220; hide_bg_image_on_mobile=&#8220;&#8220; el_class=&#8220;portfolio-single_content-row&#8220;][vc_column width=&#8220;1\/3&#8243; fix_column=&#8220;1&#8243; hide_bg_image_on_tablet=&#8220;&#8220; hide_bg_image_on_mobile=&#8220;&#8220; el_class=&#8220;portfolio-single_text-column&#8220;][vc_column_text]Die Ballettinszenierung &#8222;Der Kuss&#8220; ist eine Hommage an das Werk des \u00f6sterreichischen Malers Gustav Klimt (1862-1918). Die zweiteilige Inszenierung erkundet zun\u00e4chst die Mythologie von Klimts Welt und sp\u00e4ter, wie Klimt seine Figuren m\u00f6glicherweise heute darstellen w\u00fcrde und welche Medien er daf\u00fcr w\u00e4hlen k\u00f6nnte.<\/p>\n<p>F\u00fcr den zweiten Teil wurde Xenorama gebeten, das B\u00fchnenbild von Georg Mayer-Wiel um Projektionen zu erweitern. Das Ergebnis ist ein bewegtes B\u00fchnenbild, das von Klimts verf\u00fchrerischen Bildwelten inspiriert ist.[\/vc_column_text][vc_separator color=&#8220;white&#8220; css=&#8220;.vc_custom_1549268778335{margin-top: 2em !important;margin-bottom: 3em !important;}&#8220;][vc_column_text el_class=&#8220;portfolio-single_credits&#8220;]<strong><em>Credits:<\/em><\/strong>[\/vc_column_text][vc_column_text el_class=&#8220;portfolio-single_credits&#8220;]Choreographie: <a href=\"https:\/\/www.gm-dance.de\/\">Guido Markowitz<\/a><br \/>\nKostume und B\u00fchnenbild: <a href=\"https:\/\/meyerwiel.com\">Georg Meyer-Wiel<\/a><br \/>\nProjektionen: Xenorama (<a href=\"http:\/\/lorenzpotthast.de\/\" target=\"_blank\" rel=\"noopener noreferrer\">Lorenz Potthast<\/a>, <a href=\"http:\/\/xenorama.de\/mezzanin\/about-xen\/\" target=\"_blank\" rel=\"noopener noreferrer\">Marcel B\u00fcckner<\/a>, <a href=\"http:\/\/mojari.de\/\" target=\"_blank\" rel=\"noopener noreferrer\">Moritz Richartz<\/a>, <a href=\"http:\/\/xenorama.de\/mezzanin\/about-xen\/\" target=\"_blank\" rel=\"noopener noreferrer\">Richard Oeckel<\/a>, <a href=\"http:\/\/xenorama.de\/mezzanin\/about-xen\/\" target=\"_blank\" rel=\"noopener noreferrer\">Tim Heinze<\/a>)<\/p>\n<p>Dokumentation:<br \/>\nPhotos vom Theater Pforzheim: <a href=\"https:\/\/meyerwiel.com\">Georg Meyer-Wiel<\/a><br \/>\nKamera beim Stadtgeburtstag: <a href=\"https:\/\/www.neumannmueller.com\/de\/\">Neumann&amp;M\u00fcller<\/a>[\/vc_column_text][\/vc_column][vc_column width=&#8220;2\/3&#8243; hide_bg_image_on_tablet=&#8220;&#8220; hide_bg_image_on_mobile=&#8220;&#8220; el_class=&#8220;portfolio-single_content-column&#8220;][vc_row_inner][vc_column_inner width=&#8220;1\/2&#8243;][vc_single_image image=&#8220;4916&#8243; onclick=&#8220;img_link_large&#8220;][vc_single_image image=&#8220;4919&#8243; onclick=&#8220;img_link_large&#8220;][vc_single_image image=&#8220;4921&#8243; onclick=&#8220;img_link_large&#8220;][\/vc_column_inner][vc_column_inner width=&#8220;1\/2&#8243;][vc_single_image image=&#8220;4918&#8243; onclick=&#8220;img_link_large&#8220;][vc_single_image image=&#8220;4920&#8243; onclick=&#8220;img_link_large&#8220;][vc_single_image image=&#8220;4922&#8243; onclick=&#8220;img_link_large&#8220;][\/vc_column_inner][\/vc_row_inner][vc_row_inner][vc_column_inner width=&#8220;1\/3&#8243;][vc_single_image image=&#8220;4912&#8243; onclick=&#8220;img_link_large&#8220;][\/vc_column_inner][vc_column_inner width=&#8220;1\/3&#8243;][vc_single_image image=&#8220;4909&#8243; onclick=&#8220;img_link_large&#8220;][\/vc_column_inner][vc_column_inner width=&#8220;1\/3&#8243;][vc_single_image image=&#8220;4911&#8243; onclick=&#8220;img_link_large&#8220;][\/vc_column_inner][\/vc_row_inner][vc_separator color=&#8220;white&#8220; css=&#8220;.vc_custom_1549268778335{margin-top: 2em !important;margin-bottom: 3em !important;}&#8220;][vc_column_text]\n<h3>Re-enactment for the Pforzheim city anniversary<\/h3>\n[\/vc_column_text][vc_wp_text]\n<div style=\"padding: 56.25% 0 0 0; position: relative;\"><iframe style=\"position: absolute; top: 0; left: 0; width: 100%; height: 100%;\" src=\"https:\/\/player.vimeo.com\/video\/259217924?h=18fb5679c4&amp;title=0&amp;byline=0&amp;portrait=0\" frameborder=\"0\" allowfullscreen=\"allowfullscreen\"><\/iframe><\/div>\n<p><script src=\"https:\/\/player.vimeo.com\/api\/player.js\"><\/script>[\/vc_wp_text][vc_row_inner][vc_column_inner][vc_single_image image=&#8220;4436&#8243; img_size=&#8220;large&#8220; onclick=&#8220;img_link_large&#8220;][\/vc_column_inner][\/vc_row_inner][\/vc_column][\/vc_row]\n<\/section>","protected":false},"excerpt":{"rendered":"<p>[vc_row full_width=&#8220;stretch_row&#8220; full_height=&#8220;yes&#8220; columns_placement=&#8220;top&#8220; content_placement=&#8220;middle&#8220; hide_bg_image_on_tablet=&#8220;&#8220; hide_bg_image_on_mobile=&#8220;&#8220; css=&#8220;.vc_custom_1589477836986{background-image: url(http:\/\/xenorama.de\/mezzanin\/wp-content\/uploads\/2017\/05\/DerKuss_GeorgMeyer-Wiel_Photo_82.jpg?id=4911) !important;background-position: center !important;background-repeat: no-repeat !important;background-size: cover !important;}&#8220;][vc_column width=&#8220;1\/3&#8243; fix_column=&#8220;1&#8243; hide_bg_image_on_tablet=&#8220;&#8220; hide_bg_image_on_mobile=&#8220;&#8220; el_class=&#8220;portfolio-single_title-div&#8220; css=&#8220;.vc_custom_1585928994138{background-color: rgba(17,17,17,0.5) !important;*background-color:&hellip;<\/p>\n","protected":false},"author":4,"featured_media":4910,"comment_status":"closed","ping_status":"closed","template":"","meta":{"footnotes":""},"portfolio_category":[49],"portfolio_tag":[],"class_list":["post-4462","portfolio","type-portfolio","status-publish","has-post-thumbnail","hentry","portfolio_category-media-art"],"translation":{"provider":"WPGlobus","version":"3.0.2","language":"de","enabled_languages":["en","de"],"languages":{"en":{"title":true,"content":true,"excerpt":false},"de":{"title":true,"content":true,"excerpt":false}}},"yoast_head":"<!-- This site is optimized with the Yoast SEO plugin v26.8 - https:\/\/yoast.com\/product\/yoast-seo-wordpress\/ -->\n<title>Der Kuss | Xenorama<\/title>\n<meta name=\"robots\" content=\"index, follow, max-snippet:-1, max-image-preview:large, max-video-preview:-1\" \/>\n<link rel=\"canonical\" href=\"https:\/\/xenorama.com\/portfolio\/der-kuss\/\" \/>\n<meta property=\"og:locale\" content=\"de_DE\" \/>\n<meta property=\"og:type\" content=\"article\" \/>\n<meta property=\"og:title\" content=\"Der Kuss | Xenorama\" \/>\n<meta property=\"og:url\" content=\"https:\/\/xenorama.com\/portfolio\/der-kuss\/\" \/>\n<meta property=\"og:site_name\" content=\"Xenorama\" \/>\n<meta property=\"article:publisher\" content=\"https:\/\/www.facebook.com\/xenorama.collective\/\" \/>\n<meta property=\"article:modified_time\" content=\"2023-02-06T15:24:53+00:00\" \/>\n<meta property=\"og:image\" content=\"https:\/\/xenorama.com\/wp-content\/uploads\/2017\/05\/DerKuss_GeorgMeyer-Wiel_Photo_80.jpg\" \/>\n\t<meta property=\"og:image:width\" content=\"1200\" \/>\n\t<meta property=\"og:image:height\" content=\"800\" \/>\n\t<meta property=\"og:image:type\" content=\"image\/jpeg\" \/>\n<meta name=\"twitter:card\" content=\"summary_large_image\" \/>\n<meta name=\"twitter:label1\" content=\"Gesch\u00e4tzte Lesezeit\" \/>\n\t<meta name=\"twitter:data1\" content=\"2\u00a0Minuten\" \/>\n<!-- \/ Yoast SEO plugin. -->","yoast_head_json":{"title":"Der Kuss | Xenorama","robots":{"index":"index","follow":"follow","max-snippet":"max-snippet:-1","max-image-preview":"max-image-preview:large","max-video-preview":"max-video-preview:-1"},"canonical":"https:\/\/xenorama.com\/portfolio\/der-kuss\/","og_locale":"de_DE","og_type":"article","og_title":"Der Kuss | Xenorama","og_url":"https:\/\/xenorama.com\/portfolio\/der-kuss\/","og_site_name":"Xenorama","article_publisher":"https:\/\/www.facebook.com\/xenorama.collective\/","article_modified_time":"2023-02-06T15:24:53+00:00","og_image":[{"width":1200,"height":800,"url":"https:\/\/xenorama.com\/wp-content\/uploads\/2017\/05\/DerKuss_GeorgMeyer-Wiel_Photo_80.jpg","type":"image\/jpeg"}],"twitter_card":"summary_large_image","twitter_misc":{"Gesch\u00e4tzte Lesezeit":"2\u00a0Minuten"},"schema":{"@context":"https:\/\/schema.org","@graph":[{"@type":"WebPage","@id":"https:\/\/xenorama.com\/portfolio\/der-kuss\/","url":"https:\/\/xenorama.com\/portfolio\/der-kuss\/","name":"Der Kuss | Xenorama","isPartOf":{"@id":"https:\/\/xenorama.com\/#website"},"primaryImageOfPage":{"@id":"https:\/\/xenorama.com\/portfolio\/der-kuss\/#primaryimage"},"image":{"@id":"https:\/\/xenorama.com\/portfolio\/der-kuss\/#primaryimage"},"thumbnailUrl":"https:\/\/xenorama.com\/wp-content\/uploads\/2017\/05\/DerKuss_GeorgMeyer-Wiel_Photo_80.jpg","datePublished":"2017-05-11T13:33:16+00:00","dateModified":"2023-02-06T15:24:53+00:00","breadcrumb":{"@id":"https:\/\/xenorama.com\/portfolio\/der-kuss\/#breadcrumb"},"inLanguage":"de","potentialAction":[{"@type":"ReadAction","target":["https:\/\/xenorama.com\/portfolio\/der-kuss\/"]}]},{"@type":"ImageObject","inLanguage":"de","@id":"https:\/\/xenorama.com\/portfolio\/der-kuss\/#primaryimage","url":"https:\/\/xenorama.com\/wp-content\/uploads\/2017\/05\/DerKuss_GeorgMeyer-Wiel_Photo_80.jpg","contentUrl":"https:\/\/xenorama.com\/wp-content\/uploads\/2017\/05\/DerKuss_GeorgMeyer-Wiel_Photo_80.jpg","width":1200,"height":800},{"@type":"BreadcrumbList","@id":"https:\/\/xenorama.com\/portfolio\/der-kuss\/#breadcrumb","itemListElement":[{"@type":"ListItem","position":1,"name":"Startseite","item":"https:\/\/xenorama.com\/"},{"@type":"ListItem","position":2,"name":"Portfolio","item":"https:\/\/xenorama.com\/portfolio\/"},{"@type":"ListItem","position":3,"name":"Der Kuss"}]},{"@type":"WebSite","@id":"https:\/\/xenorama.com\/#website","url":"https:\/\/xenorama.com\/","name":"Xenorama","description":"Studio f\u00fcr audio-visuelle Kunst","publisher":{"@id":"https:\/\/xenorama.com\/#organization"},"potentialAction":[{"@type":"SearchAction","target":{"@type":"EntryPoint","urlTemplate":"https:\/\/xenorama.com\/?s={search_term_string}"},"query-input":{"@type":"PropertyValueSpecification","valueRequired":true,"valueName":"search_term_string"}}],"inLanguage":"de"},{"@type":"Organization","@id":"https:\/\/xenorama.com\/#organization","name":"Xenorama - Studio for audiovisual Art","url":"https:\/\/xenorama.com\/","logo":{"@type":"ImageObject","inLanguage":"de","@id":"https:\/\/xenorama.com\/#\/schema\/logo\/image\/","url":"https:\/\/xenorama.com\/wp-content\/uploads\/2020\/04\/Logo_xenorama-studio_01_TITLE-ONLY_WHITE_500px.png","contentUrl":"https:\/\/xenorama.com\/wp-content\/uploads\/2020\/04\/Logo_xenorama-studio_01_TITLE-ONLY_WHITE_500px.png","width":500,"height":80,"caption":"Xenorama - Studio for audiovisual Art"},"image":{"@id":"https:\/\/xenorama.com\/#\/schema\/logo\/image\/"},"sameAs":["https:\/\/www.facebook.com\/xenorama.collective\/","http:\/\/instagram.com\/xenorama.studio\/","https:\/\/www.youtube.com\/channel\/UCme1_Q96NJ3AvCt7hsIKEiw"]}]}},"_links":{"self":[{"href":"https:\/\/xenorama.com\/de\/wp-json\/wp\/v2\/portfolio\/4462","targetHints":{"allow":["GET"]}}],"collection":[{"href":"https:\/\/xenorama.com\/de\/wp-json\/wp\/v2\/portfolio"}],"about":[{"href":"https:\/\/xenorama.com\/de\/wp-json\/wp\/v2\/types\/portfolio"}],"author":[{"embeddable":true,"href":"https:\/\/xenorama.com\/de\/wp-json\/wp\/v2\/users\/4"}],"replies":[{"embeddable":true,"href":"https:\/\/xenorama.com\/de\/wp-json\/wp\/v2\/comments?post=4462"}],"version-history":[{"count":10,"href":"https:\/\/xenorama.com\/de\/wp-json\/wp\/v2\/portfolio\/4462\/revisions"}],"predecessor-version":[{"id":7812,"href":"https:\/\/xenorama.com\/de\/wp-json\/wp\/v2\/portfolio\/4462\/revisions\/7812"}],"wp:featuredmedia":[{"embeddable":true,"href":"https:\/\/xenorama.com\/de\/wp-json\/wp\/v2\/media\/4910"}],"wp:attachment":[{"href":"https:\/\/xenorama.com\/de\/wp-json\/wp\/v2\/media?parent=4462"}],"wp:term":[{"taxonomy":"portfolio_category","embeddable":true,"href":"https:\/\/xenorama.com\/de\/wp-json\/wp\/v2\/portfolio_category?post=4462"},{"taxonomy":"portfolio_tag","embeddable":true,"href":"https:\/\/xenorama.com\/de\/wp-json\/wp\/v2\/portfolio_tag?post=4462"}],"curies":[{"name":"wp","href":"https:\/\/api.w.org\/{rel}","templated":true}]}}

<section class="wpb-content-wrapper">[vc_row full_width=&#8220;stretch_row&#8220; full_height=&#8220;yes&#8220; columns_placement=&#8220;top&#8220; content_placement=&#8220;middle&#8220; hide_bg_image_on_tablet=&#8220;&#8220; hide_bg_image_on_mobile=&#8220;&#8220; css=&#8220;.vc_custom_1589477836986{background-image: url(http://xenorama.de/mezzanin/wp-content/uploads/2017/05/DerKuss_GeorgMeyer-Wiel_Photo_82.jpg?id=4911) !important;background-position: center !important;background-repeat: no-repeat !important;background-size: cover !important;}&#8220;][vc_column width=&#8220;1/3&#8243; fix_column=&#8220;1&#8243; hide_bg_image_on_tablet=&#8220;&#8220; hide_bg_image_on_mobile=&#8220;&#8220; el_class=&#8220;portfolio-single_title-div&#8220; css=&#8220;.vc_custom_1585928994138{background-color: rgba(17,17,17,0.5) !important;*background-color: rgb(17,17,17) !important;}&#8220;][vc_column_text]
<h3>Der Kuss</h3>
[/vc_column_text][vc_separator color=&#8220;white&#8220; border_width=&#8220;4&#8243;][vc_column_text css=&#8220;.vc_custom_1548933803315{margin-bottom: 1em !important;}&#8220;]
<h5><strong>Stage Projection for Ballet Performance</strong></h5>
[/vc_column_text][vc_column_text]
<h5><p>Premiered in January 2017 <br>Produced for Theater Pforzheim</p></h5>
[/vc_column_text][/vc_column][/vc_row][vc_row gap=&#8220;20&#8243; hide_bg_image_on_tablet=&#8220;&#8220; hide_bg_image_on_mobile=&#8220;&#8220; el_class=&#8220;portfolio-single_content-row&#8220;][vc_column width=&#8220;1/3&#8243; fix_column=&#8220;1&#8243; hide_bg_image_on_tablet=&#8220;&#8220; hide_bg_image_on_mobile=&#8220;&#8220; el_class=&#8220;portfolio-single_text-column&#8220;][vc_column_text]Die Ballettinszenierung &#8222;Der Kuss&#8220; ist eine Hommage an das Werk des österreichischen Malers Gustav Klimt (1862-1918). Die zweiteilige Inszenierung erkundet zunächst die Mythologie von Klimts Welt und später, wie Klimt seine Figuren möglicherweise heute darstellen würde und welche Medien er dafür wählen könnte.</p>
<p>Für den zweiten Teil wurde Xenorama gebeten, das Bühnenbild von Georg Mayer-Wiel um Projektionen zu erweitern. Das Ergebnis ist ein bewegtes Bühnenbild, das von Klimts verführerischen Bildwelten inspiriert ist.[/vc_column_text][vc_separator color=&#8220;white&#8220; css=&#8220;.vc_custom_1549268778335{margin-top: 2em !important;margin-bottom: 3em !important;}&#8220;][vc_column_text el_class=&#8220;portfolio-single_credits&#8220;]<strong><em>Credits:</em></strong>[/vc_column_text][vc_column_text el_class=&#8220;portfolio-single_credits&#8220;]Choreographie: <a href="https://www.gm-dance.de/">Guido Markowitz</a><br />
Kostume und Bühnenbild: <a href="https://meyerwiel.com">Georg Meyer-Wiel</a><br />
Projektionen: Xenorama (<a href="http://lorenzpotthast.de/" target="_blank" rel="noopener noreferrer">Lorenz Potthast</a>, <a href="http://xenorama.de/mezzanin/about-xen/" target="_blank" rel="noopener noreferrer">Marcel Bückner</a>, <a href="http://mojari.de/" target="_blank" rel="noopener noreferrer">Moritz Richartz</a>, <a href="http://xenorama.de/mezzanin/about-xen/" target="_blank" rel="noopener noreferrer">Richard Oeckel</a>, <a href="http://xenorama.de/mezzanin/about-xen/" target="_blank" rel="noopener noreferrer">Tim Heinze</a>)</p>
<p>Dokumentation:<br />
Photos vom Theater Pforzheim: <a href="https://meyerwiel.com">Georg Meyer-Wiel</a><br />
Kamera beim Stadtgeburtstag: <a href="https://www.neumannmueller.com/de/">Neumann&amp;Müller</a>[/vc_column_text][/vc_column][vc_column width=&#8220;2/3&#8243; hide_bg_image_on_tablet=&#8220;&#8220; hide_bg_image_on_mobile=&#8220;&#8220; el_class=&#8220;portfolio-single_content-column&#8220;][vc_row_inner][vc_column_inner width=&#8220;1/2&#8243;][vc_single_image image=&#8220;4916&#8243; onclick=&#8220;img_link_large&#8220;][vc_single_image image=&#8220;4919&#8243; onclick=&#8220;img_link_large&#8220;][vc_single_image image=&#8220;4921&#8243; onclick=&#8220;img_link_large&#8220;][/vc_column_inner][vc_column_inner width=&#8220;1/2&#8243;][vc_single_image image=&#8220;4918&#8243; onclick=&#8220;img_link_large&#8220;][vc_single_image image=&#8220;4920&#8243; onclick=&#8220;img_link_large&#8220;][vc_single_image image=&#8220;4922&#8243; onclick=&#8220;img_link_large&#8220;][/vc_column_inner][/vc_row_inner][vc_row_inner][vc_column_inner width=&#8220;1/3&#8243;][vc_single_image image=&#8220;4912&#8243; onclick=&#8220;img_link_large&#8220;][/vc_column_inner][vc_column_inner width=&#8220;1/3&#8243;][vc_single_image image=&#8220;4909&#8243; onclick=&#8220;img_link_large&#8220;][/vc_column_inner][vc_column_inner width=&#8220;1/3&#8243;][vc_single_image image=&#8220;4911&#8243; onclick=&#8220;img_link_large&#8220;][/vc_column_inner][/vc_row_inner][vc_separator color=&#8220;white&#8220; css=&#8220;.vc_custom_1549268778335{margin-top: 2em !important;margin-bottom: 3em !important;}&#8220;][vc_column_text]
<h3>Re-enactment for the Pforzheim city anniversary</h3>
[/vc_column_text][vc_wp_text]
<div style="padding: 56.25% 0 0 0; position: relative;"><iframe style="position: absolute; top: 0; left: 0; width: 100%; height: 100%;" src="https://player.vimeo.com/video/259217924?h=18fb5679c4&amp;title=0&amp;byline=0&amp;portrait=0" frameborder="0" allowfullscreen="allowfullscreen"></iframe></div>
<p><script src="https://player.vimeo.com/api/player.js"></script>[/vc_wp_text][vc_row_inner][vc_column_inner][vc_single_image image=&#8220;4436&#8243; img_size=&#8220;large&#8220; onclick=&#8220;img_link_large&#8220;][/vc_column_inner][/vc_row_inner][/vc_column][/vc_row]
</section>

<!-- This site is optimized with the Yoast SEO plugin v26.8 - https://yoast.com/product/yoast-seo-wordpress/ -->
<title>Der Kuss | Xenorama</title>
<meta name="robots" content="index, follow, max-snippet:-1, max-image-preview:large, max-video-preview:-1" />
<link rel="canonical" href="https://xenorama.com/portfolio/der-kuss/" />
<meta property="og:locale" content="de_DE" />
<meta property="og:type" content="article" />
<meta property="og:title" content="Der Kuss | Xenorama" />
<meta property="og:url" content="https://xenorama.com/portfolio/der-kuss/" />
<meta property="og:site_name" content="Xenorama" />
<meta property="article:publisher" content="https://www.facebook.com/xenorama.collective/" />
<meta property="article:modified_time" content="2023-02-06T15:24:53+00:00" />
<meta property="og:image" content="https://xenorama.com/wp-content/uploads/2017/05/DerKuss_GeorgMeyer-Wiel_Photo_80.jpg" />
	<meta property="og:image:width" content="1200" />
	<meta property="og:image:height" content="800" />
	<meta property="og:image:type" content="image/jpeg" />
<meta name="twitter:card" content="summary_large_image" />
<meta name="twitter:label1" content="Geschätzte Lesezeit" />
	<meta name="twitter:data1" content="2 Minuten" />
<!-- / Yoast SEO plugin. -->

Studio für audio-visuelle Kunst
